hundreds digit of q?
3
What is the units digit of (-4 - (-3 + -2)) + (-21653 + -5)*-1?
9
Let o(i) = 261*i + 557. What is the tens digit of o(21)?
3
Suppose 0 = -3*j - 5*g + 1568, j - 72 = 5*g + 464. What is the units digit of j/3*(-18 - -21)?
6
Let x(s) = -s + 3. Let b be x(-1). Suppose b*y + 111 = 7*y. What is the tens digit of y?
3
Suppose -2*d + a - 1503 = 0, -4*d - 2988 = 10*a - 6*a. Let m = 1122 + d. What is the hundreds digit of m?
3
Suppose 0 = -420*q + 390*q + 4590. Suppose -3*h = w - 25, 2*w - 58 = -0*w - 4*h. Suppose q = 3*f - 3*g, -5*g - 30 = -f + w. What is the tens digit of f?
4
Let j = -3111 - -1439. Let g = 2454 + j. What is the tens digit of g?
8
What is the hundreds digit of 336/200*155 + 1/5*-2?
2
Let r(l) = -4*l**2 + 8*l + 108. Let o be r(-9). Let v = 323 + o. What is the tens digit of v?
3
Suppose 0 = -54*r - 17*r + 522631. What is the thousands digit of r?
7
Let v(u) = 12*u**2 - 40*u + 981. What is the ten thousands digit of v(31)?
1
Let c(y) = -28*y**3 - 3. Let o be c(-2). Let g = -139 + o. What is the tens digit of g?
8
What is the tens digit of (-635373)/(-108) + (-2 - (-138)/72)?
8
Suppose -i - 3*y = 52, -2*i + 18 - 122 = 3*y. Let g = -36 - i. Suppose g*h - 2000 = -0*h. What is the units digit of h?
5
Suppose -2*v + 7*v - 30 = 0. Suppose -v*t + 2*t + 72 = 0. Let o = 87 - t. What is the tens digit of o?
6
Let t(x) = -117*x + 16. Let j(q) = -4095*q + 559. Let m(d) = 3*j(d) - 104*t(d). What is the units digit of m(-4)?
1
Suppose -l - 2265 = 14*l. Let k = l - -609. What is the tens digit of k?
5
What is the thousands digit of (-164248)/(-42)*(-3 - -4 - (-4 - -2))?
1
Suppose 19*q + 10 = 105. Let m = 12 - 8. Suppose m*v - v = -5*o + 179, q*v = -2*o + 64. What is the tens digit of o?
3
Let r(g) = 19*g + 78. Let b be r(25). Suppose -372 = 3*z - 2*z. Let i = z + b. What is the units digit of i?
1
What is the thousands digit of 235/3525 + 293548/30?
9
Suppose 0 = 187*a - 147*a - 610080. What is the hundreds digit of a?
2
Suppose -7*j - 3 = 25. Let g(x) = -2*x**3 + x**2 + 9*x - 1. Let w be g(j). Suppose 9*v = 8*v + w. What is the hundreds digit of v?
1
Suppose -11*f = 2*f - 26. What is the tens digit of (-1563)/(-9) - f/3?
7
Suppose 4*a - 499 = 5*v + 891, -4*v = -a + 1123. Let k be (-2)/1 + ((-70)/(-245) - 132/(-28)). Let q = k - v. What is the tens digit of q?
8
Suppose 3*c = -c + 5*p - 24, -5*p + 23 = -3*c. Let o be 1*(0 - c)*38. Let s = 47 + o. What is the units digit of s?
5
Let h = 64 + -59. Suppose 995 = h*b + 400. What is the hundreds digit of b?
1
Suppose -6*g - 359376 - 74424 = -78*g. What is the tens digit of g?
2
Suppose v = 5*b - 5, 5*v - b + 115 = v. Let m = v + 614. What is the tens digit of m?
8
Suppose -42720 - 74054 = -14*f. What is the hundreds digit of f?
3
Suppose -5*n + 2*o = -o - 39, 3*n - 5*o = 33. Let d be 4/n + -2 + 2396/6. Let l = d - 284. What is the hundreds digit of l?
1
Suppose 15 - 771 = -9*o. Suppose 15*w - o = 11*w. What is the units digit of w?
1
Suppose 5*c + 1457 = 2*x, 0*x - 2*c + 2138 = 3*x. Suppose -5*d + 0*d + 5*k + 725 = 0, -5*d - 4*k = -x. What is the hundreds digit of d?
1
Suppose -2*f - 5*o = -606, -314*f - 333 = -315*f + 5*o. What is the hundreds digit of f?
3
Suppose 5*h + c = h - 156, 0 = -5*h + 4*c - 174. Let f = h + 62. Let r(a) = 8*a - 12. What is the units digit of r(f)?
0
Suppose -2372*a = -2379*a. Suppose -4*n = -906 + 230. Suppose -y + n = -a*y. What is the tens digit of y?
6
Let q(r) = 2443*r - 808. What is the hundreds digit of q(5)?
4
Suppose 2*f = -8, 0 = 165*o - 167*o - 2*f + 15024. What is the units digit of o?
6
Suppose -16*r + 11*r = -3*h - 3, 3*r - 3 = 3*h. Suppose -2*w + c = -1076, w + r*c = -3*c + 538. What is the units digit of w?
8
Let n = -9145 - 1535. What is the hundreds digit of ((-5)/15)/(4/n)?
8
Let r(y) = -y**3 + 23*y**2 - 22*y - 28. Let b be r(22). What is the tens digit of 14/b*-105*(-44)/(-5)?
6
Let i be 102/85*(-40)/(-6). Suppose -2*c = -5*p + 1888, -i*p + 760 = -6*p + 4*c. What is the units digit of p?
8
Suppose 6*k = 1308 - 198. Suppose 0 = 4*p + 2*x - 915 + k, -3*p + 546 = x. What is the hundreds digit of p?
1
Let m(g) = g**3 - g**2 + 5. Suppose -4*t = -t. Let u be m(t). Suppose -r = 4*s - u*s - 15, 5*s + 37 = 3*r. What is the units digit of r?
9
Suppose -4*l = 2*x - 22682, -86*l + 83*l = -2*x - 17015. What is the hundreds digit of l?
6
Let i = 427 - 391. Suppose 0 = -i*k + 15597 + 18495. What is the units digit of k?
7
Let x = 31826 + 10933. What is the hundreds digit of x?
7
Let u be 2/6 + 42/9. Suppose 0 = y - u*l - 0*l + 3, 0 = -3*l + 3. What is the units digit of (y + -3 - 0)/((-1)/3)?
3
Let r(u) = 74*u + 5. Let o be r(5). What is the units digit of (o/(-12) + 3)*(-17 - -1)?
2
Let u(t) = -t**3 - 9*t**2. Let y be u(-9). Suppose -4*n - 2*g = -1440, 9*n - 6*n + 5*g - 1073 = y. What is the tens digit of n?
6
Let u = -1300 + 808. Let c = -167 - u. What is the hundreds digit of c?
3
Suppose 0 = -5*m - 11191 + 35421. What is the thousands digit of m?
4
Let u(j) = 24*j**2 - 6*j - 157. What is the units digit of u(-20)?
3
Suppose 71243 = 13*f - 17391. What is the units digit of f?
8
What is the hundreds digit of 84/140*(0 + 365)?
2
Suppose -3*u + c = -27056, 17*c - 13*c + 27062 = 3*u. What is the hundreds digit of u?
0
Suppose -14*y - 3*r = -9*y - 15283, 5*r - 3061 = -y. Let f = y - 1699. What is the thousands digit of f?
1
Let j = 205 - 348. Let x = j - -206. What is the tens digit of x?
6
Let f = 84 - 64. Let y = f - -42. Suppose -y*a + 59*a + 522 = 0. What is the hundreds digit of a?
1
Let y be 453*(-46)/6 + 8. Let p = 4936 + y. What is the hundreds digit of p?
4
Let s = -59 + 65. Let x = 8 - s. Suppose x*o - 188 = -2*o. What is the units digit of o?
7
Let x be ((-22)/1)/(2/(-3)). Let t = x - 30. What is the units digit of (-790)/(-15) + 1/t?
3
Suppose b + 563 = -51. Let k = -212 - b. Suppose 0 = 4*x + 122 - k. What is the tens digit of x?
7
Let y(m) = -1164*m**3 + 7*m**2 - 31*m - 69. What is the units digit of y(-3)?
5
Suppose -5*r + 7*s + 3 = 4*s, 5 = -3*r - 5*s. Suppose r = 58*k - 73*k + 5115. What is the tens digit of k?
4
Let d be 13 - 0 - (1 + 0 + 3). Let y = 674 + d. What is the hundreds digit of y?
6
Let f(h) = -1248*h**3 + 6*h**2 - h - 12. What is the units digit of f(-2)?
8
What is the units digit of (-147225)/(-45) + (-5)/(-15)?
2
Let l(f) = -8*f**3 + f**2 - 1. Suppose -7 + 5 = -2*q. Suppose -3*m + q = -2*g, -2*g + 2*m + 1 = -3*m. What is the tens digit of l(g)?
6
Let z(o) = 447*o + 63. Let b be z(31). Suppose -4*d - b = -24*d. What is the units digit of d?
6
Let d = 62 + -31. Let i = d - 38. Let u(a) = -10*a - 9. What is the tens digit of u(i)?
6
Suppose -18*k + 23*k = -5*a + 3125, -4*k + 2488 = 2*a. What is the hundreds digit of k?
6
Let t be -20*((-44)/66 - (-2)/12). Let m = t + 122. What is the tens digit of m?
3
Let v(x) be the second derivative of 5*x**3/3 - 47*x**2 - 6*x + 7. What is the units digit of v(18)?
6
Let x(c) = -c**3 + 12*c**2 - 4*c - 13. Let u(a) = -a**3 - 18*a**2 - 19*a - 23. Let n be u(-17). What is the units digit of x(n)?
4
Let h = 49398 - 30243. What is the units digit of h?
5
Let x(v) be the first derivative of -523*v**4/4 - v**3/3 - 3*v**2/2 - 3*v + 112. What is the tens digit of x(-1)?
2
Suppose -9*c = -5*c - 24. Suppose -272 + 176 = -c*n. What is the tens digit of n?
1
Let s(n) = 78*n - 7. Let q be 280/42 - (-2)/6. What is the hundreds digit of s(q)?
5
Let x be (-48)/4 - (0 + -7). What is the tens digit of (141/2)/((-46)/(-8) + x)?
9
Let y be (18/36)/(2/20). Suppose y*i + 386 = -189. What is the units digit of (-4*i/(-10))/((-2)/5)?
5
Let w = 222 + -224. What is the hundreds digit of (129/w)/(51/(-136))?
1
Suppose -34*x = -39*x + 2*g + 2654, -3*g = -9. What is the tens digit of x?
3
Let p = -55 - -58. Suppose -25 = p*i + 20. Let x(r) = -2*r + 41. What is the units digit of x(i)?
1
Suppose 146 - 42 = -13*q. Let y(k) = k**3 + 8*k**2. Let t be y(q). Suppose 5*c - 244 - 51 = -5*p, -4*p - 5*c + 241 = t. What is the units digit of p?
4
Let w(k) = -k - 1. Suppose 4*t - 22 + 26 = 0. Let q(r) = -61*r - 10. Let c(s) = t*q(s) - 3*w(s). What is the hundreds digit of c(3)?
2
What is the units digit of 382 + (2 - (10 - 9))?
3
What is the hundreds digit of ((-89006)/6)/((-120)/360)?
5
Suppose 3 = v, -4*f - 4*v - 7305 = -47